(s) = -s**3 - 5*s**2 + 6*s + 2. Let x be f(-6). Let i be ((x + 0)*1)/2. Let w(q) = 5*q**2 - 1. Determine w(i).
4
Let m = -29 + 28. Let k(x) = -10*x**3 - x**2 + x + 1. Determine k(m).
9
Suppose 3*g - 3 = 0, -g - 2 - 3 = 2*c. Let s(f) = f**3 + 3*f**2 - 2*f. Give s(c).
6
Suppose -6 = -0*p + 3*p. Suppose -3*o - 2*v = 0, -2*o - 3*v = 1 + 4. Let h(s) = 0*s - o*s**2 + s - 2*s - 2*s. Determine h(p).
-2
Let t(d) = -d**2 + 6*d. Let n = 37 + -32. Calculate t(n).
5
Let f(q) = 2*q + 10. Let a be f(-7). Let t(v) = v**3 + 5*v**2 + 3*v + 4. Calculate t(a).
8
Let r(i) = 2*i + 2. Let a = 7 + -3. Let f(n) = -6*n - 7. Let z(o) = a*f(o) + 14*r(o). Determine z(1).
4
Suppose 0 = -2*b + 2*u - 6*u + 8, 0 = -2*b + 3*u + 15. Let q = b - 5. Let p(m) = -m + q - 6 + 4 - m**2. Determine p(-2).
-3
Let v(u) = 2*u + 65*u**2 - 64*u**2 + 2 - 3. What is v(2)?
7
Let p be (6 - -1) + 8/(-4). Let m(k) be the third derivative of -k**6/120 + k**5/10 - k**4/8 - 7*k**3/6 + 2*k**2. What is m(p)?
3
Let l(p) be the second derivative of p**4/12 - 5*p**3/6 + 3*p**2 + 2*p. Let z = 3 - 3. Let r be (2 + -1 - z)*4. Determine l(r).
2
Let d = -33 - -32. Let r(a) = -2*a**3 + a**2 + 2*a + 1. Calculate r(d).
2
Let t(z) be the third derivative of 0*z + 2/3*z**3 + 1/12*z**4 + 0 + z**2. Give t(-3).
-2
Let x(y) = -2*y. Let i(g) = -4*g + 21. Let n be i(5). Calculate x(n).
-2
Let s(u) be the second derivative of -u**3/6 + 7*u**2/2 + 15*u. Calculate s(3).
4
Let q = -4 - -4. Let j(a) = -a**2 - 9 + 0*a + 0*a. Give j(q).
-9
Let y = 24 - 22. Let z(l) = l**2 + 2*l - 2. Give z(y).
6
Let c(u) be the first derivative of u**3/3 - 2*u**2 - 4*u + 23. Calculate c(4).
-4
Let d(o) = o + 1. Let a(u) = -6*u - 1. Let q(l) = -a(l) - 3*d(l). What is q(-2)?
-8
Suppose 4*i + 9 = 3*l - 2*l, 0 = -5*l + 5*i. Let r be 0/1 + l + 4. Let a(x) = -8*x**3 + x**2 + x - 1. Give a(r).
-7
Suppose -u = 3*u - 8. Let b be 96/36 + 1/3. Let n(t) = -3*t**3 + t**b + u*t**2 - 2 + 4*t + t**3. Determine n(3).
1
Let i(j) be the second derivative of j**5/20 + j**4/4 - j**3/6 + 3*j**2/2 - 2*j. Let h be 12*3*4/(-36). Determine i(h).
-9
Let x be 4/((4/(-6))/((-2)/(-3))). Let r(y) = -y**2 - 3*y + 2. Calculate r(x).
-2
Let g(t) = -t - 3. Let q(k) = -1. Let u(a) = -g(a) + 3*q(a). Calculate u(-6).
-6
Let j(g) be the first derivative of -g**5/30 + g**4/24 - g**3 - 1. Let v(f) be the third derivative of j(f). Let u = -4 + 2. Calculate v(u).
9
Let q(k) = k**3 - 6*k**2 - k + 5. Let g be (-28)/7 + 20/2. Calculate q(g).
-1
Suppose -y + 1 = 3*m, -y - 2*m - 3*m - 3 = 0. Let v(z) = z - 7. Let f be v(y). Let i(q) = -q + 1. Let p(l) = 3*l - 4. Let n(x) = -4*i(x) - p(x). Give n(f).
0
Suppose 5*s + 2*m - 6 = 6, 2*m = s. Let x(o) = 1 + 1 + 2*o**s - o**2 + o**3 - 3. What is x(-1)?
-1
Let d(w) = -7*w**2 - w - 1. Suppose -2*j - 214 = -74. Let o be (-9)/7 + (-20)/j. Give d(o).
-7
Let z be (1/(-2))/(1/24). Let n = 18 + z. Let q(o) = o - 5. Calculate q(n).
1
Suppose -2*k = -2*b + 22, -4*b + 4*k - 3*k = -29. Let z(f) = f - 5 + 0 + f + b. Calculate z(-5).
-9
Suppose 2*r - 9 - 1 = 0. Let f(d) = d**3 - 6*d**2 + 3*d - 2. Give f(r).
-12
Let f(v) = 4*v**2 - 7*v + 3. Let l(x) = -3*x**2 + 6*x - 2. Let n(y) = -2*f(y) - 3*l(y). Let q = -2 + 7. Give n(q).
5
Let r(s) be the third derivative of -7/24*s**4 + 0*s + 0*s**3 - 3*s**2 + 0 + 1/60*s**5. Calculate r(6).
-6
Let h = -65 - -64. Let x(n) = 7*n - 1. Determine x(h).
-8
Let d(y) = y**2 + 3*y + 4. Let u(n) = 3*n**2 + 6*n + 8. Let r(f) = -5*d(f) + 2*u(f). Let v = -14 + 18. Calculate r(v).
0
Let x(b) = -6*b**2 + 51*b - 30. Let c(s) = -s**2 + 10*s - 6. Let g(j) = 11*c(j) - 2*x(j). Determine g(-8).
-6
Let l = 47 - 47. Let s(c) = -c**2 - c + 13. Let m(f) = 3*f**2 + 3*f - 38. Let h(a) = -3*m(a) - 8*s(a). What is h(l)?
10
Let x(i) = i**3 - 9*i**2 - i + 1. Let b(d) = d**3 - 10*d**2 - 2*d + 3. Let k(l) = -4*b(l) + 5*x(l). What is k(5)?
8
Let x(c) = 0*c - 5*c**2 + 2 - c**3 + 4*c - 9*c. Determine x(-4).
6
Let w(c) = -2 + c**3 - 7*c**2 + 4*c + 2*c**2 + 3*c**2. Suppose -3*j = 2*x - 10, 3*j + 0*j = -x + 8. Suppose -x*t + 4 = -0*t. What is w(t)?
6
Let h(f) = 9*f**2 - 4 + 11*f**2 - f - 2 - 19*f**2. Suppose -k = k - 2. Let c = 1 - k. What is h(c)?
-6
Suppose 3*l + 2*d + 1 = 7*d, d = -3*l - 7. Let k(b) = 2*b**2 + 2*b - 2. Determine k(l).
2
Let j(c) be the second derivative of -c**3/6 + 4*c**2 - 15*c. Determine j(4).
4
Let i(b) = b**3 + 7*b**2 + b + 3. Let x(h) = -8*h**2 + 2*h - 1. Let u be x(1). Calculate i(u).
-4
Let n(q) = -7*q**3 - 11*q**2 + 6*q - 10. Let i(s) = 15*s**3 + 23*s**2 - 13*s + 21. Let k(y) = -6*i(y) - 13*n(y). Calculate k(-4).
20
Let i(b) be the second derivative of -1/2*b**3 + 3*b + 0 + 1/6*b**4 - 1/20*b**5 + 0*b**2. What is i(2)?
-6
Let u(n) = 1 - n**3 + 4*n**2 - 3*n**2 - 2*n**2. Let k be u(0). Let v = -3 + k. Let m(c) = 5*c + 2. Calculate m(v).
-8
Let y(z) be the first derivative of 6*z + 1 + 1/2*z**2. Give y(-3).
3
Let v(g) = g**2 - 16*g + 17. Let w be v(15). Let b(h) = -h**3 - 2 - h**w - 3 + 5 - 3. Determine b(0).
-3
Suppose 3*u - 17 = 5*o + 4, 0 = 4*u - o - 11. Suppose 0 = 3*f + 2*f. Let t(z) = f*z**2 + 2 - 2*z**2 + z**2 + z**3 - 2*z. What is t(u)?
2
Let a(o) = -2*o**2 + o + 3. Let d(c) = -3*c**2 + c + 4. Let l(t) = -7*a(t) + 5*d(t). Calculate l(-3).
-4
Let r(h) be the first derivative of 3 - 7/2*h**2 + h**3 - 6*h + 1/4*h**4. What is r(-4)?
6
Let d be 6/(-9) + 32/12. Let b(h) = -2*h + 3. Calculate b(d).
-1
Suppose 0 = 3*j + 4 + 5. Let i = 9 + j. Let t(w) be the first derivative of w**3/3 - 3*w**2 - 7*w + 1. Calculate t(i).
-7
Let a(h) = 2*h**2 - h - 4. Let g(p) = p**2 + 2*p + 3. Let i be g(0). Give a(i).
11
Let o(h) = -h**3 - 3*h**2 + 3*h - 1. Let f = 7 + -6. Let a be (f - 3)*(-2)/(-1). Determine o(a).
3
Let g(u) = -u**2 - u - 2. Suppose -s - 3 = -2*s. Let h be -1*(s - 6/2). Determine g(h).
-2
Let o(n) = n**3 + 1 + 4*n**2 + 3 - 3*n - 1. Let z be -1 + (132/(-3))/(-4). Suppose -2*u = -4*u - z. What is o(u)?
-7
Let a = -1 - -5. Let c(w) = 8*w - w + w - w**3 - 5 + a*w**2. What is c(5)?
10
Let l(m) be the third derivative of m**4/24 - 9*m**2. Calculate l(-2).
-2
Suppose 2*b + 6 = -4. Let x be ((-2)/b)/(1/(-10)). Let u(h) be the third derivative of h**5/60 + h**4/8 - h**3/3 - 2*h**2. Give u(x).
2
Suppose -3*b - 2*a - 6 = 0, -3*b + 4*b = 5*a - 19. Let h(w) = -w + 2. Let q be h(b). Let f(o) = 2*o - 7. Give f(q).
5
Suppose -2*r = 2*w - 6, -2*w - 5 = 5*r - 14. Let q(t) = 14*t**2 - 8*t - 22. Let s(k) = 9*k**2 - 5*k - 14. Let c(h) = -5*q(h) + 8*s(h). Calculate c(w).
6
Let o(c) be the first derivative of 2*c**3/3 - 2. Suppose -3*m - 1 = 2. Let f(q) = -q**2 + q + 1. Let t be f(m). Determine o(t).
2
Let m(c) be the third derivative of -1/24*c**4 + 1/60*c**5 + 0*c + 0 - 1/6*c**3 - 2*c**2. Suppose p + 4*p = -15, -5*n = p - 7. Give m(n).
1
Let w(i) be the first derivative of -i**2/2 - 8*i + 8. Determine w(-8).
0
Let q be -1*(0 + (0 - 7)). Let y = -61 + 73. Let p = q - y. Let x(i) = -i**2 - i + 7. Give x(p).
-13
Let y be 0 + (-1 - -3 - 8). Let k(f) = f**2 + 6*f. Let t be k(y). Suppose t = 3*v - v - 8. Let h(i) = -i**2 + 3*i + 1. What is h(v)?
-3
Suppose 2*r - 2 = r. Let u(p) = 4*p**2 - p. Give u(r).
14
Let l(w) = w**3 + 5*w**2 + 2*w - 7. Let j(x) = x**3 + 6*x**2 + 3*x - 7. Let c(s) = 3*j(s) - 2*l(s). What is c(-7)?
7
Let b(h) be the first derivative of -3*h**2/2 - 4. Let f be (-5)/4 - 1/(-4). What is b(f)?
3
Let s(f) = f + 3. Suppose -4*q - 39 = -3*i, -5*q - 41 = 3*i + i. Let k = q + 3. Let l(w) = w**3 + 7*w**2 + 7*w + 2. Let x be l(k). Give s(x).
-1
Let x(t) = -t**3 - 4*t**2 + 12*t - 9. Let b be x(-6). Let m(f) = -f - 9. Give m(b).
0
Let q(b) be the second derivative of 0 - 1/6*b**3 - 4*b**2 + 3*b. Determine q(0).
-8
Let h = -107 - -109. Let z = 3 + -6. Let j be (h/2)/((-1)/z). Let y(a) = a**3 - 3*a**2 + 2*a. Give y(j).
6
Let i(k) = -7 + 0*k**2 - k**2 + k + 2. Suppose 0*x = 16*x. What is i(x)?
-5
Let x be 13*(-2)/6 - (-14)/(-21). Let z(f) = f**3 + 6*f**2 + 7*f + 7. Give z(x).
-3
Let v be ((-12)/(-10))/((-3)/(-10)). Let r(y) be the first derivative of y**2/2 - 4*y - 27. What is r(v)?
0
Let b(d) = d**2 + d + 1. Let x(c) = -10*c**2 - 5*c - 4. Let s(k) = 6*b(k) + x(k). Determine s(2).
-12
Let b(v) = -5 + 0*v + 4 + 11*v. Let h(o) = 4*o + 0 + 0. Let s(y) = -3*b(y) + 8*h(y). What is s(0)?
3
Let n = 1 + -4. Let k = n + -3. Let d be 4/k + (-2)/(-3). Let u(p) = p.